1320 - -3?
3032541323
In base 13, what is 1a9 - 94b81?
-949a5
In base 6, what is 1350 - -103311244?
103313034
In base 9, what is 4 + -74407272?
-74407267
In base 12, what is -3851b38 - 0?
-3851b38
In base 4, what is -12302300 - 2012103?
-20321003
In base 10, what is -1863651 - 0?
-1863651
In base 4, what is -132000221321 - -320?
-132000221001
In base 12, what is -30a71a6 + 3?
-30a71a3
In base 5, what is -11440 - -13302?
1312
In base 2, what is 11 - 10000001100001001000011?
-10000001100001001000000
In base 14, what is 728601 + 5?
728606
In base 14, what is -6 + -383261b?
-3832623
In base 11, what is -6776872 + -5?
-6776877
In base 3, what is 12 - -1221011101010122?
1221011101010211
In base 10, what is -1224806 - 21?
-1224827
In base 5, what is 130411234214 + -1?
130411234213
In base 10, what is 150 + 58804?
58954
In base 2, what is 100 + -1100010011001000111001010111?
-1100010011001000111001010011
In base 13, what is 90 - 8c6090?
-8c6000
In base 12, what is b17 - 1b01?
-ba6
In base 14, what is 73890 + -5?
73889
In base 4, what is -1 + 20202223230?
20202223223
In base 3, what is -1112112122002 + -1000?
-1112112200002
In base 6, what is -1402024451 - -3?
-1402024444
In base 5, what is 4 + -43041030441?
-43041030432
In base 5, what is -110 - 11303330?
-11303440
In base 5, what is -10 - -11210242210?
11210242200
In base 2, what is -101 + -1110000101101111101001?
-1110000101101111101110
In base 8, what is 1120 - 1350?
-230
In base 11, what is 53695 - -79?
53763
In base 6, what is 102020123 + 12?
102020135
In base 14, what is -15a - 96a4?
-9820
In base 5, what is 1302 - -11134?
12441
In base 3, what is 211210100 - -2001221?
220212021
In base 9, what is 1028 - -37763?
38802
In base 6, what is -103341 - -214355?
111014
In base 6, what is 140432 - 50114?
50314
In base 9, what is 478 - -120510?
121088
In base 4, what is -3131002 + 1222332?
-1302010
In base 12, what is -6773b - 270?
-679ab
In base 16, what is 6ef8a - 7f?
6ef0b
In base 12, what is 597b - -26210?
2bb8b
In base 4, what is -112 + -230030212?
-230030330
In base 7, what is -61 + -412101060?
-412101151
In base 14, what is -232520a3 - -3?
-232520a0
In base 16, what is -39161d + 1cd?
-391450
In base 2, what is 1011000111000011011001010 + -11?
1011000111000011011000111
In base 15, what is -da6d + -285?
-dd03
In base 7, what is 5556 - 525351?
-516462
In base 14, what is 144 + 9c10d?
9c253
In base 6, what is 10103251303 + 2?
10103251305
In base 12, what is 3689 + 1861?
532a
In base 14, what is -3b6a79 - -4?
-3b6a75
In base 3, what is -1122202 + 20121201?
11221222
In base 6, what is 200250 - 13255?
142551
In base 8, what is 15741 + 1517?
17460
In base 2, what is 10110101011111 + 10000010000000?
100110111011111
In base 4, what is 23032030323 + 1?
23032030330
In base 2, what is -11 + 1010011110100011011011?
1010011110100011011000
In base 7, what is 2 + 161442125?
161442130
In base 5, what is 330 - 3043430?
-3043100
In base 7, what is 65216 + -64313?
603
In base 13, what is 77 - 13c501?
-13c457
In base 6, what is -145530 + -5554?
-155524
In base 9, what is 5843474 + -185?
5843278
In base 7, what is -1205 - -1025232?
1024024
In base 15, what is 1de3 + 140e2?
15ed5
In base 4, what is 10 - 30203022310?
-30203022300
In base 8, what is -12 + -1377523?
-1377535
In base 2, what is 101111011000 + 1000001100101101?
1000111100000101
In base 13, what is 5 - 182061c8?
-182061c3
In base 8, what is 21257355 - 4?
21257351
In base 15, what is 1a399c6 - 4?
1a399c2
In base 6, what is 10 + 133151533?
133151543
In base 16, what is 10 - -1e821?
1e831
In base 4, what is 33311332221 + 3?
33311332230
In base 6, what is 33004445 - -12?
33004501
In base 7, what is 1 + -26444421?
-26444420
In base 2, what is 10100 + -110110100011110110010?
-110110100011110011110
In base 9, what is 13606 - -1087?
14704
In base 2, what is 100011011101110011100000010000 - -11?
100011011101110011100000010011
In base 7, what is 62252 - -2456?
65041
In base 15, what is 2201ad41 - -3?
2201ad44
In base 7, what is 1652464 + 2212?
1655006
In base 8, what is 2046 - 4201?
-2133
In base 6, what is -3 + -34411432?
-34411435
In base 7, what is -251514 - 40622?
-322436
In base 3, what is 101002110 - -12011200?
120021010
In base 8, what is 533343303 + 0?
533343303
In base 13, what is 0 + -264a524?
-264a524
In base 9, what is 2216 + -4702?
-2475
In base 12, what is -3 + -a521266?
-a521269
In base 5, what is -13241 - 3444413?
-4013204
In base 9, what is -4348615 + 228?
-4348376
In base 15, what is -3 + -49d350?
-49d353
In base 10, what is 49624612 - 3?
49624609
In base 2, what is -11011101001 + -1000001100011101011?
-1000001111111010100
In base 15, what is -389e + -14cab?
-1865a
In base 3, what is -12 - -11110001110010?
11110001102221
In base 9, what is -651 + 7474?
6723
In base 2, what is -1001100100000110111101 - 0?
-1001100100000110111101
In base 5, what is -1442444 + -10020?
-2003014
In base 7, what is -34653 + -132342?
-200325
In base 5, what is -2033130 - 113?
-2033243
In base 13, what is 0 + -251c28?
-251c28
In base 6, what is -344405 - 100?
-344505
In base 5, what is 220 + -210243300?
-210243030
In base 12, what is 85 + -109aa4?
-109a1b
In base 16, what is -dcf68f + -1?
-dcf690
In base 8, what is 7423343 - 134?
7423207
In base 8, what is -3 - 352417604?
-352417607
In base 11, what is -16981 + 3789?
-131a3
In base 5, what is 1 - 11244020220?
-11244020214
In base 13, what is 0 - 31b7c204?
-31b7c204
In base 3, what is 111 - 21010112012?
-21010111201
In base 8, what is -1 - 27575516?
-27575517
In base 15, what is -1b87 - 1b4?
-1d4b
In base 13, what is 2561 - -3a5?
2936
In base 9, what is 5 + -126887704?
-126887688
In base 8, what is 6 - 4710265?
-4710257
In base 7, what is 42005 - -4433?
46441
In base 12, what is -54275 + 167?
-5410a
In base 7, what is 36 + 6045606?
6045645
In base 5, what is -4331213 + 214?
-4330444
In base 5, what is -2042 + 232021?
224424
In base 12, what is -2a46a - 13?
-2a481
In base 8, what is -1212 + 24130?
22716
In base 3, what is 210102002220122122 - 10?
210102002220122112
In base 7, what is -20664 + 400516?
346522
In base 11, what is -5 + -4278096?
-42780a0
In base 4, what is 1021000032322 - 11?
1021000032311
In base 4, what is 1012 + 213103031112?
213103032130
In base 3, what is -120020001000 + -102110?
-120020110110
In base 15, what is -3 - -103e4e02?
103e4dee
In base 12, what is 4 - -a499a7b?
a499a83
In base 12, what is 2244 - 203?
2041
In base 4, what is -10303323200 + -11?
-10303323211
In base 4, what is -303 - -31333102200?
31333101231
In base 10, what is 978859 - 4?
978855
In base 7, what is 35051333 + 3?
35051336
In base 7, what is -246220 - 122052?
-401302
In base 6, what is 4 + -1304353415?
-1304353411
In base 2, what is 11010110001 - -1000100110?
100011010111
In base 12, what is 11063165 - -1?
11063166
In base 11, what is a15 + 21506?
22420
In base 8, what is 106 - -277662?
277770
In base 4, what is 303003111 + -1322?
303001123
In base 13, what is -104b8c - -82?
-104b0a
In base 15, what is -7a2a - -2eca?
-4a50
In base 6, what is -1220043 + 1215?
-1214424
In base 10, what is -2338 + -3035?
-5373
In base 15, what is -5 + -28bc4be?
-28bc4c4
In base 15, what is -1a44 - -2b959?
29e15
In base 4, what is -32331 + 112112002?
112013011
In base 4, what is -10 + -22330330322323?
-22330330322333
In base 14, what is -584a23 + 2?
-584a21
In base 2, what is 11000111100000000011 + -11?
11000111100000000000
In base 6, what is 21223 + -113005?
-51342
In base 8, what is 527355 - -2115?
531472
In base 5, what is -1040331434 + 1112?
-1040330322
In base 13, what is -537878 + -c?
-537887
In base 8, what is -74325222 + 0?
-74325222
In base 12, what is -3 + -123ab67?
-123ab6a
In base 11, what is -71838 - -2616?
-6a222
In base 13, what is -551 - -241c0?
2396c
In base 11, what is -3203109 - 5?
-3203113
In base 14, what is 9 - -40b7?
40c2
In base 9, what is 137436 - 34?
137402
In base 16, what is -7 - -ec7b87?
ec7b80
In base 9, what is -21 - -148582?
148561
In base 5, what is 41430223010 - -11?
41430223021
In base 6, what is 4 + -32113332531?
-32113332523
In base 2, what is -10000011 - -110000000111?
101110000100
In base 16, what is -7 + d91e8?
d91e1
In base 9, what is 25280730 - -4?
25280734
In base 7, what is -423344643 + -42?
-423345015
In base